s 68500099621 a prime number?
True
Is 9562896683 a composite number?
True
Is 531767731 composite?
True
Is 64470431 composite?
False
Is 283107857 prime?
True
Is 53184422773 a composite number?
False
Is 11978767 a prime number?
False
Is 188082253549 composite?
False
Is 34408409899 composite?
False
Is 3676120207 a composite number?
False
Is 1133834617 prime?
False
Is 2029835933 a prime number?
False
Is 472560797 a prime number?
True
Is 58075705 composite?
True
Is 17494462597 a prime number?
True
Is 2185757477 composite?
False
Is 6049489441 a prime number?
True
Is 2393578027 a prime number?
True
Is 3065345827 a composite number?
False
Is 2334217057 prime?
True
Is 800656369 prime?
True
Is 974640169 composite?
True
Is 609495071 prime?
False
Is 1474745017 a composite number?
False
Is 2907700729 a prime number?
True
Is 76806971 a composite number?
True
Is 565265083 a composite number?
True
Is 109472759329 prime?
True
Is 13832056909 prime?
False
Is 77898414557 composite?
False
Is 750065353 prime?
False
Is 44572911863 a composite number?
False
Is 119519510381 prime?
True
Is 11781623561 composite?
False
Is 163678423 a prime number?
True
Is 7817544057 composite?
True
Is 3217013161 prime?
True
Is 298459673 a prime number?
True
Is 55334250341 a prime number?
False
Is 38481266441 a prime number?
True
Is 80851140193 prime?
True
Is 77974635839 composite?
False
Is 22733371 composite?
False
Is 736307347 prime?
True
Is 135020710987 prime?
False
Is 19687711721 prime?
True
Is 109491139 a composite number?
False
Is 2010243197 a composite number?
False
Is 31027174 composite?
True
Is 48126321049 prime?
True
Is 321893707 prime?
False
Is 460120781 a prime number?
False
Is 214766183003 a composite number?
False
Is 12138474031 a composite number?
False
Is 1394454169 composite?
True
Is 659056417 composite?
True
Is 7989526903 a composite number?
True
Is 56258467805 composite?
True
Is 46469651782 a prime number?
False
Is 104480111 prime?
True
Is 2314818491 a prime number?
True
Is 6366477643 prime?
True
Is 1111487231 a composite number?
False
Is 924837149 composite?
True
Is 469300297 prime?
True
Is 1658733889 a composite number?
False
Is 8539416863 a composite number?
True
Is 18064162411 composite?
False
Is 38671177 a prime number?
False
Is 2488252909 a prime number?
True
Is 894423581 prime?
True
Is 74109472483 composite?
False
Is 2188587971 a composite number?
True
Is 1797793213 a composite number?
False
Is 2831877377 composite?
True
Is 64231494343 composite?
True
Is 22599495913 a prime number?
False
Is 18323367641 prime?
True
Is 192431549 prime?
False
Is 1968648967 a composite number?
False
Is 1094273911 prime?
True
Is 290662501 a composite number?
False
Is 5625534029 a composite number?
False
Is 3722838413 a composite number?
True
Is 244455879 a composite number?
True
Is 8757189071 a prime number?
True
Is 271465669 composite?
False
Is 186589661 a composite number?
False
Is 7292634949 prime?
True
Is 27476896235 a prime number?
False
Is 34355359549 prime?
False
Is 175666411 a prime number?
False
Is 193747050923 composite?
False
Is 2421029503 composite?
False
Is 2411809201 a composite number?
False
Is 28880941807 composite?
False
Is 10714130437 a composite number?
False
Is 650183935 a composite number?
True
Is 7000973843 composite?
True
Is 66317387 a composite number?
False
Is 42730188349 composite?
False
Is 329251521 composite?
True
Is 8117087417 a prime number?
False
Is 34913911399 composite?
True
Is 21714437831 composite?
True
Is 6507349961 composite?
True
Is 19770140921 a prime number?
False
Is 506610641 composite?
True
Is 37878942161 composite?
False
Is 485567063 composite?
False
Is 21626401171 prime?
False
Is 19757231045 a prime number?
False
Is 620271481 composite?
False
Is 155818711 a composite number?
True
Is 256725073 a composite number?
True
Is 320011399 composite?
False
Is 12396410297 a composite number?
False
Is 10479181969 a prime number?
True
Is 44120193659 a prime number?
True
Is 13781077841 composite?
False
Is 26298463 prime?
False
Is 13965143377 composite?
True
Is 3357034081 a prime number?
False
Is 59505018883 a prime number?
True
Is 47766890629 a composite number?
True
Is 2199722627 a composite number?
True
Is 44459747087 prime?
False
Is 19092919409 a composite number?
False
Is 22874900227 a prime number?
False
Is 36324353267 composite?
True
Is 26220876689 a prime number?
False
Is 929593513 a prime number?
False
Is 12103621693 prime?
False
Is 674417329 a prime number?
False
Is 12522762337 composite?
False
Is 914713077 composite?
True
Is 20662487093 composite?
True
Is 118662797359 prime?
True
Is 26662161811 prime?
True
Is 16870046281 composite?
True
Is 23164864147 composite?
True
Is 5992840121 a prime number?
True
Is 16475138429 prime?
False
Is 6369498869 composite?
True
Is 2908068749 composite?
True
Is 43355012377 prime?
True
Is 74776863037 prime?
True
Is 1810480573 prime?
False
Is 9551676391 a prime number?
False
Is 902329843 composite?
True
Is 6087896327 a composite number?
False
Is 29662799 composite?
False
Is 14503498357 a composite number?
True
Is 89556497 a prime number?
False
Is 18823714031 prime?
True
Is 4295486887 a composite number?
False
Is 127471949087 composite?
True
Is 130128407 prime?
True
Is 5809846181 a prime number?
True
Is 18348606301 prime?
True
Is 579259619 a composite number?
True
Is 422143061 prime?
False
Is 20925381577 a prime number?
False
Is 7245153407 prime?
False
Is 6697432617 a composite number?
True
Is 22308864731 prime?
True
Is 913777661 a composite number?
True
Is 1462383361 a composite number?
True
Is 3483691709 a composite number?
False
Is 1884010421 composite?
False
Is 41185505939 composite?
False
Is 1352109623 a composite number?
True
Is 965718097 a prime number?
True
Is 38083672919 prime?
True
Is 29970910547 composite?
False
Is 386226671 prime?
False
Is 11380898339 a composite number?
True
Is 5199836263 composite?
True
Is 29111527 composite?
False
Is 84857891 a prime number?
True
Is 342649231 composite?
True
Is 1964824291 composite?
True
Is 95749463 composite?
False
Is 114497832637 a prime number?
True
Is 7992884873 composite?
True
Is 348776317 a prime number?
False
Is 729418397 prime?
True
Is 2179890149 a prime number?
False
Is 19440332519 a composite number?
False
Is 8137599713 composite?
False
Is 1266511783 prime?
True
Is 25547921269 a prime number?
False
Is 69608411 a prime number?
True
Is 120931360471 a prime number?
True
Is 750367987 composite?
False
Is 109193113 a composite number?
True
Is 21561741533 a composite number?
False
Is 59147508327 composite?
True
Is 6448610797 composite?
True
Is 8362770355 composite?
True
Is 3125649533 a composite number?
False
Is 30666348851 composite?
False
Is 137638556267 a composite number?
True
Is 8428883947 a composite number?
True
Is 47820522133 a prime number?
True
Is 24104802457 a prime number?
False
Is 391683981631 a composite number?
False
Is 16756490407 composite?
False
Is 892389607 prime?
True
Is 291117649 prime?
False
Is 34992235 a composite number?
True
Is 11650432589 a prime number?
False
Is 19187303281 a prime number?
False
Is 120578316671 a composite number?
False
Is 566648611 prime?
True
Is 2491462459 prime?
True
Is 28923560909 composite?
True
Is 10550431219 composite?
True
Is 7591937449 prime?
False
Is 643040897 a prime number?
False
Is 1700733761 a prime number?
True
Is 3629321873 prime?
False
Is 532427297 composite?
False
Is 2031724061 composite?
True
Is 2244148601 composite?
True
Is 3808762571 a prime number?
True
Is 15633692923 a prime number?
True
Is 2485149217 composite?
False
Is 2195760877 composite?
False
Is 4033243987 a composite number?
True
Is 140741431321 prime?
True
Is 18079060081 prime?
True
Is 49828463537 composite?
True
Is 8576496079 prime?
True
Is 10610496419 prime?
True
Is 835834669 a composite number?
True
Is 242344427569 composite?
False
Is 31919374681 prime?
False
Is 549718483 a prime number?
True
Is 9018820483 composite?
True
Is 2109556109 prime?
True
Is 14165124167 a composite number?
True
Is 286857463 a prime number?
True
Is 82081138559 a prime number?
False
Is 1933651849 a prime number?
False
Is 7268640371 composite?
True
Is 4661129027 prime?
True
Is 70354699339 a prime number?
False
Is 345994933 a prime number?
True
Is 301432337 compos